-3 + 1)*52/32*-164. Suppose 2*s = -r + 527, 4*s - f = -3*r + 2*r. Is r prime?
True
Let d = 54 - -67. Let l = 52 - d. Let k = -2 - l. Is k a prime number?
True
Let t(v) be the second derivative of v**7/504 - 17*v**6/720 + 7*v**5/40 - v**4/12 - 8*v. Let y(r) be the third derivative of t(r). Is y(14) a prime number?
False
Suppose 6*o - o + 2*g - 5844 = 0, 0 = -g - 3. Let d = -248 + 1917. Let u = d - o. Is u a composite number?
False
Let a = 337 - -1792. Is a a composite number?
False
Suppose -5*n + 27 = 2, c + 15 = 4*n. Suppose c*l - 9 = 11. Suppose -14 = -g - 2*p, -l*g + 24 = 3*p - 52. Is g a composite number?
True
Suppose -r + 91 = -z - 300, 3*z + 3*r + 1191 = 0. Let x = -48 - z. Let f = 295 + x. Is f a composite number?
False
Let y be -90*(-4 - (-4 + 3/6)). Is y/30*(-2)/6*-1574 a prime number?
True
Suppose 0 = -2*k - 3*b + 5811, 0 = 3*k + 2*k - 3*b - 14496. Is k a composite number?
True
Suppose -19*z = -30*z + 200761. Is z a composite number?
False
Let q(u) = -53*u**3 - 9*u**2 - 2*u + 13. Is q(-6) a prime number?
True
Suppose 4*x + x - 11 = -4*v, -40 = -5*v - x. Let r(i) = -13*i + v + 12*i - 11*i. Is r(-5) prime?
False
Suppose -2*z - 2*z + 16 = 0. Suppose 3*f = -4*p + 3*p + 8, -3*p + 5*f - z = 0. Suppose p*b - 2071 = -3*i, -b = 4*i - 69 - 954. Is b a composite number?
True
Is 2729824/128 - 6/8 a prime number?
False
Suppose -5*u + u = -60. Let h be ((-20)/(-25))/((-2)/(-10)). Suppose 0 = -3*f + h*f - u. Is f a prime number?
False
Let c = -65385 + 96398. Is c a composite number?
False
Let y(a) = 2*a**3 - 16*a**2 - 15*a - 13. Suppose -3*k + 5*f + 17 = 0, 32 = 3*k + 4*f - 6*f. Is y(k) a prime number?
True
Let n be (4/(16/(-2132)))/1. Let a = 748 + n. Let o = 312 - a. Is o composite?
False
Suppose -10*x + 8457 = -7873. Is x prime?
False
Suppose -12*i - 2318 = -7226. Is i composite?
False
Is ((-7404)/(-32))/3 + 7/(-56) a prime number?
False
Let d(g) = -g**3 + g**2 - g + 217. Let y = -28 - -32. Let h(u) = u**2 - 6*u + 8. Let b be h(y). Is d(b) a prime number?
False
Suppose -4*p - 10*p + 56 = 0. Let o(u) = 8*u**3 - 6*u**2 + 10*u - 7. Is o(p) a composite number?
False
Let v(i) = 16*i**3 + 4*i**2 + 3*i - 31. Is v(6) a composite number?
True
Suppose -4671 - 10 = -2*r + 5*o, 0 = 5*r - 3*o - 11674. Is r a prime number?
True
Suppose 0 = 172*t - 177*t + 1545. Is t a composite number?
True
Suppose -12 = 5*m + 13. Is 983 + 30/m + (1 - 1) composite?
False
Let z(f) = -11*f**3 - 5*f**2 + 11*f - 9. Is z(-10) composite?
True
Let r(l) be the second derivative of 7*l**4/12 - 7*l**3/3 + l**2/2 - 16*l. Is r(11) composite?
True
Let m = 7 - -31. Suppose m + 122 = 4*j. Let i = j - 6. Is i composite?
True
Let h(y) = y**3 + 2*y**2 - 2*y + 7. Let x be h(-3). Suppose 3*f - 5*c = -2*c + 1368, 2*f = -x*c + 882. Is f prime?
False
Suppose -2*p + 394 + 154 = 0. Let i = p - -77. Suppose -i = -g - 4*z, -3*g + 6*g + 5*z = 1088. Is g prime?
False
Suppose 5*p - 34 = 31. Let i(a) = a**2 + 14*a - 16. Let q(t) = t**2 + t + 1. Let y(u) = -i(u) + 2*q(u). Is y(p) a composite number?
False
Let d = 1392 - -130. Is d composite?
True
Let m(y) = 4 + 54*y + 9*y - 37 - 27. Is m(19) a prime number?
False
Let p(b) = -b + 5. Let f be p(0). Let a be ((-4)/f)/((-6)/(-30)). Is (-6)/32*a*4 a composite number?
False
Let n = 9772 + -3821. Is n a composite number?
True
Let i(z) = -174*z + 37. Let q be i(-7). Suppose 0*n + 5*x = 5*n - q, 0 = -3*n - 4*x + 753. Is n prime?
True
Is 18202/(5 + (-15)/5) composite?
True
Let z be 1/(-2)*(-4 + -28). Let h = z + -13. Suppose h*p + 2202 = 9*p. Is p a prime number?
True
Let r(l) be the second derivative of l**4/12 - 2*l**3/3 + l**2/2 - 5*l. Let w be r(3). Is ((-51)/9)/(w/66) prime?
False
Let z = 45 - 29. Let w = z - 17. Is 355/10 + w/2 prime?
False
Let o = 17 + -13. Suppose -833 = -o*a - 3301. Let t = 880 + a. Is t composite?
False
Let y = 2506 - 1334. Suppose -y = -2*k - 2*v, 3*v + 2349 = 4*k + 2*v. Is k composite?
False
Suppose -13 = -5*b + 162. Suppose 5*u + b = 5*a, u = 5*a - 18 + 3. Is (-3 + a)*(-124 - 3) a prime number?
True
Is (-9974)/(1*(-18)/9) a prime number?
True
Let q(r) = 4*r**2 - 10*r + 8. Let n be q(8). Suppose 3*o + 236 = -n. Let g = -75 - o. Is g prime?
False
Suppose -4*l = 2*a + 88, -l + 2*l - 5*a = 0. Let z = l - -15. Let y(j) = j**2 + j - 6. Is y(z) a composite number?
True
Let z be 10 + (108/(-26) - (-22)/143). Let u(x) = 32*x - 1. Is u(z) a prime number?
True
Suppose -4*s = -3*l + 1495, -5*l + 2486 = -4*s + 3*s. Is l a composite number?
True
Suppose -7*r = 727 + 211. Let c = 1011 + r. Is c composite?
False
Suppose -3*d + 3977 = -4*m - 708, 0 = -3*m + 12. Is d a prime number?
True
Let f be 166/(2/6 + 0). Suppose -k - l = -114, -5*k + 69 = 2*l - f. Let s = k - -78. Is s a composite number?
False
Let k = 119 - 298. Let b = k - -466. Is b prime?
False
Let z(g) = -2*g**3 - 4*g**2 - 5*g - 4. Let q be z(-5). Let x = q + -357. Is (x/(-9))/((-4)/(-6)) composite?
False
Let s(g) = -59*g**2 + 26*g**2 - 3*g + 27*g**2 + 7 - 3*g**3 - 3*g**3. Is s(-4) prime?
True
Let d(m) = -m**2 - 10*m + 6. Let y be d(-10). Suppose y*n = -n + 6251. Is n prime?
False
Is -1 + (-34804)/(-20) + 1/(-5) a prime number?
False
Let q = 831 + -364. Suppose f - 78 = q. Is f composite?
True
Let a be 1 - (8/(-4) - -1)*-33. Is (2 - a/(-12))/((-2)/2559) composite?
False
Suppose 182654 = 37*y + 13897. Is y composite?
False
Suppose 26278 + 39221 = 21*g. Is g a composite number?
False
Let o(b) be the first derivative of b**4/4 + 5*b**3/3 + 3*b**2/2 - 4*b + 7. Let g be o(-3). Let p = g + 26. Is p a prime number?
True
Let r = -22 + 24. Suppose r*p - 596 = -2*i - i, -582 = -2*p + 4*i. Is p prime?
False
Let q(r) = -r**2 + 5*r - 7. Let m be q(7). Let w be (7/m)/(3/(-18)). Suppose 16 = -w*l + 86. Is l a prime number?
False
Let h(v) = -v**3 - 9*v**2 - 2*v + 6. Let j be h(-9). Suppose 0 = -12*u + 6*u - j. Let s(d) = 25*d**2 - 2*d + 3. Is s(u) a composite number?
True
Let a(i) be the third derivative of 25*i**4/6 - 13*i**3/6 - 11*i**2. Is a(6) a prime number?
True
Let j = 70346 - 47557. Is j prime?
False
Suppose 2*y - 3*l - 27 = 0, -2*y - 4*l + 17 = -5*l. Let p(t) = -1 + 3 + y*t + 9 + 40*t. Is p(8) a prime number?
True
Suppose 0 = -76*p + 2606440 - 960204. Is p a composite number?
False
Let v(h) = 24*h + 18. Let d be (-4 - 0)*(-1 - 1). Let p(i) = 8*i + 6. Let c(z) = d*p(z) - 3*v(z). Is c(-11) a prime number?
False
Suppose 5*a = -0 + 5. Let g be 2*a/1 + -1. Is (-70 + 3)/(-2 + g) composite?
False
Let r = -17 - -17. Let w be (r + -6)*(-8)/3. Let f = 31 + w. Is f a composite number?
False
Let x = -6 - -9. Suppose -3*b = 2*l - 364, -3*l - x*b = l - 722. Let n = l - -42. Is n composite?
True
Let c be (5/(-2))/(3/(-6)). Suppose -160 + 750 = c*l. Is l a prime number?
False
Suppose -4*f - 14 = -4*k - f, -2*f + 9 = k. Suppose -92 = -k*v + 278. Suppose 4*x = 3*x + v. Is x prime?
False
Let y be 1 + 0 + 282 + -1. Suppose 4*g = 2*w - 3*w - y, 0 = -4*w + 5*g - 1065. Let h = w + 383. Is h a prime number?
True
Let m(l) = -l**3 + 7*l**2 - l - 3. Let j be m(7). Is (-5192)/j - 13/65 a prime number?
False
Suppose 6*c = 45 + 51. Suppose 15*k + 917 = c*k. Is k composite?
True
Suppose -3*a = -72*m + 76*m - 16135, -2*a - 2*m = -10758. Is a a prime number?
True
Suppose -5*l + 5*o - 1332 = 708, 5*l + 2058 = -4*o. Let w be -4 + (l - (-1 + 0)). Let p = -90 - w. Is p a composite number?
True
Suppose -x + 8*x - 1197 = 0. Let t = 970 + x. Is t composite?
True
Let z(y) = -4*y**3 + 3*y**3 + 8*y**2 + 12 + 4*y**2. Let d be z(12). Is 9/d + (-581)/(-4) composite?
True
Suppose 0 = 5*d, 5*d = -3*p + 122 + 97. Let q(u) = -u**3 + 2*u**2 + 2*u. Let b be q(-1). Is ((-4 + p)/1)/b composite?
True
Suppose -g + 477 = -2*a, -5*g + 3*g = 5*a - 909. Let y = g - -1292. Is y a prime number?
True
Let q = 17 + -17. Suppose q = 2*g - g + 573. Is (g/12)/(1/(-4)) a prime number?
True
Let s = 94 + -90. Is 1357 + s/(-6)*-6 prime?
True
Is 105506 - (-9 - (-4 + -3 + 3)) a prime number?
False
Suppose -2*o + 30 - 316 = 0. Is (-593901)/o + (-4)/26 prime?
True
Let p(i) = 123*i**3 - 4*i**2 + 2*i + 22. Is p(5) a prime number?
True
Let u = -2 - -6. Suppose 3*r + u*l = 889, 0 = r - 4*r - 5*l + 890. Suppose 2*f - 7*f + r = 0. Is f a prime number?
True
Let t = -11 - -9. Let d be 2/(-4) + (-9)/t. Suppose -3*c + 197 = 4*w, c - 101 = d*w - 6*w. Is w a composite number?
False
